 - 9*d - 102. Determine o(-12).
15
Let i(v) = v**2 + 3*v**2 - 5*v - 3*v**2 - 1. Let d = -14 - -16. Suppose 3*l - 19 = -4*g, d*l - 26 = -3*l - g. Give i(l).
-1
Let x(y) be the second derivative of y**5/20 - y**4/4 - 3*y**2 - 204*y. Give x(4).
10
Let b(s) = -10*s**2 + 1. Let u(g) = -g**3 - 3*g**2 - 6*g - 19. Let x be u(-3). Give b(x).
-9
Let h(m) = 2*m - 1. Let u(f) = f**3 + 8*f**2 + 7*f + 2. Let l be u(-7). Let q be 4 + -2 - l/2. Calculate h(q).
1
Let k(w) = -w**2 - 8*w - 5. Suppose 2*u = -3*f - u - 6, 2*u = f + 5. Let a be (-36)/9 + f*1. Give k(a).
2
Let a(y) = -85*y**2 - 8*y + 6 - 6 + 86*y**2 - 2. What is a(8)?
-2
Let q(b) be the second derivative of b**3/3 + 25*b**2 + 100*b. Calculate q(-27).
-4
Let h be (6/12)/((-1)/2). Let j be h - 1 - (-6 + 2). Let g(s) = -2 + s**2 + 2*s**2 - 6*s - j*s**2. Give g(6).
-2
Let z(u) = u**3 + 5*u**2 - 38*u - 16. Let g be z(-9). Let s be -1 + (-1 - (-4 - 1)). Let v(o) = s - g + 6 - o - 5. Calculate v(2).
0
Suppose -h = -s + 4, -s + h - 1 = -h. Let q = -7 + s. Let i(v) = 4*v**3 - 3*v**3 + 1 - v + 3*v + 3*v + 6*v**q. Determine i(-5).
1
Let a(h) = -5*h**2 - 2*h - 3. Let j be -1 + -2 - (-2 + 4). Let p(f) = 6*f**2 + f + 4. Let s(d) = j*a(d) - 4*p(d). Let z = -4263 + 4258. Give s(z).
-6
Let v(h) = h**2 + 3*h - 4. Let x be (-12 - -2)/(-1) - -1. Suppose -w = -f + 6, -5*f + 5*w = 2*w - 34. Let r = f - x. What is v(r)?
-4
Let y = -719 + 721. Let n(j) be the third derivative of -j**5/12 + j**4/12 - j**3/6 - 2*j**2. Give n(y).
-17
Suppose 3*y + 24 = -18. Let h = y + 9. Let a(f) be the third derivative of -f**4/24 + 5*f**3/6 - 4*f**2 - 17*f. Calculate a(h).
10
Let s(v) = v**2 + 3*v - 17. Let x(u) = u - 1. Let c(l) = -s(l) + 6*x(l). Let n be c(6). Let f(y) = y**2 + 6*y + 2. Calculate f(n).
9
Let a(j) = j - 13. Let x be -4 - (-14 - -3) - 1. Let v(g) = g**3 - 6*g**2 + g - 6. Let q be v(x). Give a(q).
-13
Let a(u) = -2. Let v(q) = q + 2. Let j(g) = -2*a(g) - v(g). Calculate j(5).
-3
Suppose -21*b + 60 = -b. Let c(w) be the third derivative of -5/24*w**4 + 0*w + 3*w**2 - 1/3*w**b + 0. Give c(-3).
13
Suppose 4*i + 0*i - 29 = -3*t, 3*t + 3*i = 27. Let w(o) be the second derivative of 5/6*o**3 + 0 + 1/2*o**4 + 9/2*o**2 + 10*o - 1/20*o**5. Give w(t).
-5
Let q(d) be the first derivative of -d**4/4 + 4*d**3/3 - 5*d**2/2 + 2*d - 2. Let i be (162/135)/(4/50). Suppose i = -0*m + 5*m. Determine q(m).
-4
Let v(w) = -w**3 - w**2 + 2*w - 2. Let z be v(-3). Let k(g) = -4 - 5 - 4*g + z. Calculate k(-3).
13
Let m(i) = i + 1 + 2*i**3 + 2 - 3*i**3 - 18*i + 4 - 11*i**2. Determine m(-9).
-2
Let w(c) = -7*c**2 - 1. Let q = 48 + -43. Suppose 3*k = 5*g - q, 2 = g - 4*k + 1. Give w(g).
-8
Let h(q) = q**2 + 6*q + 11. Let c be h(-4). Let a(j) = -5*j**2 + 2*j + 3. Let y(b) = 4*b**2 - b - 3. Let l(z) = -6*a(z) - 7*y(z). Calculate l(c).
6
Suppose 377*t - 90 = 368*t. Let k(q) = -2*q + 9. Calculate k(t).
-11
Let m(b) be the first derivative of -1/2*b**2 + 4 - 7*b. Suppose -10 = 2*p - 2. Determine m(p).
-3
Suppose -4*u + 5*r - 4 = 0, -16 = -u - 2*r - r. Let c be 3/6*56/u. Let q(x) = x - 4. Give q(c).
3
Suppose 54 = -3*a - 4*h - 9, -2*a = -h + 53. Let z = a - -28. Let c(p) be the third derivative of -p**6/120 + p**5/12 - p**4/6 + p**3/2 + p**2. Determine c(z).
9
Suppose 0 = 71*u - 74*u - 12. Let j(b) = -4*b + 5. Determine j(u).
21
Let o(u) = 5*u + 3. Suppose 2*y - 4*a = 8 - 4, -4*y = -a + 6. Calculate o(y).
-7
Let d(b) = -2*b**3 + 3*b**2 - 2. Let y be d(-1). Let o(v) = 3*v**2 - 4*v**2 + y - v**3 - v**2 + 6*v. Let z be 2/(-10) + (-38)/10. Calculate o(z).
11
Let m(i) be the second derivative of -i**5/20 + i**4 - 2*i**3 + i**2 - 41*i. Calculate m(11).
-9
Let z(h) = -5*h**3 + h**2 - h. Let c = 291 + -290. Give z(c).
-5
Suppose -2*u - 10 = 8. Let o = -14 - u. Let i(c) = c**3 - c**3 - 4*c**3 - 4*c**2 + 3*c**3 + 3*c + 1. Determine i(o).
11
Let q(p) = 5*p + 4. Let k(u) = -5*u - 4. Let c(d) = 5*k(d) + 6*q(d). Calculate c(-2).
-6
Let x(s) be the third derivative of 0 - 2*s**2 - 1/4*s**4 + 0*s + 1/3*s**3 + 1/60*s**5. What is x(6)?
2
Let q(z) be the third derivative of 17*z**5/60 + z**4/24 + 4*z**2 - 2*z. Give q(-1).
16
Let v(b) = b**3 + 2*b**2 + b + 1. Suppose -3*m + 40 = -7*m. Let q = 16 + m. Suppose 3*h - 6*h = q. What is v(h)?
-1
Let y(w) = -9 - 2 - 2*w + w. Suppose 33 = -9*g - 30. Determine y(g).
-4
Let s(f) = -f**3 + 6*f**2 - 6*f - 5. Let i be 12*-39*(-4)/36. Let h = 37 - i. Let k be (-100)/8*6/h. What is s(k)?
-10
Let g(j) be the third derivative of j**5/30 + j**4/6 - j**3/6 + j**2 - 12*j. Calculate g(-4).
15
Suppose -80 = -d - 75. Let r(h) = h**3 - 4*h**2 - 5*h - 1. Give r(d).
-1
Let t(m) = -m**2 - 4*m + 3. Suppose 3*h - w + 38 = 0, -2*h + 3*h + 18 = -5*w. Let c be (-50)/13 + 2/h. Calculate t(c).
3
Let v = -14 - -17. Let d(x) = -4*x - 3. Let a(h) = 15*h + 1. Let o(c) = 7*c + 1. Let y(r) = 2*a(r) - 5*o(r). Let f(k) = 6*d(k) - 5*y(k). Calculate f(v).
0
Let n(m) = -2 - 2 - 5*m - 1 - m**2. Suppose 0 = -2*q - 4*c + 2, -18*q + 16 = -20*q + 2*c. Calculate n(q).
-5
Let x(y) = y**2 + 4*y + 9. Let k = 372 - 375. Determine x(k).
6
Let z(p) = -2*p + 6. Suppose -5*h - 5*w + 21 = -4*h, -9 = 3*h - 3*w. Suppose s + 2*s = 5*j + 61, -4*s = 5*j + 82. Let x be (j/(-21))/(h/6). Determine z(x).
-2
Let p(c) = 9*c + 1. Let w be (-960)/(-165) - 4/(-22). What is p(w)?
55
Let d(t) = 81*t - 6 + 73*t - t**2 - 163*t - 5. Calculate d(-5).
9
Let s be 2/6*27*1. Let y = 19 - s. Suppose -3*h - 5 - y = 0. Let n(l) = -l**2 - 2*l + 3. Determine n(h).
-12
Let r be (6 + -16 + 16)/(2/(-5)). Let y(x) = x + 12. What is y(r)?
-3
Let g(t) = 4*t - 4. Suppose -133 = 9*k - 115. Determine g(k).
-12
Let z(c) be the second derivative of -c**3/2 - 13*c. Suppose 2*r = -11 + 5, 4*n - 3*r - 17 = 0. What is z(n)?
-6
Let q(n) = -3*n - 2. Let b = -71 + 127. Let m = 34 - b. Let w = 24 + m. Give q(w).
-8
Let k(c) = -c + 11. Let g be k(5). Let j(s) = -7*s**2 + 6*s + 9. Let x(m) = -26*m**2 - 1 - 44*m**2 - m + 71*m**2. Let h(q) = g*x(q) + j(q). Calculate h(-3).
-6
Let g(o) be the first derivative of -7/2*o**2 - 5*o - 1/3*o**3 - 11. Give g(-7).
-5
Let f(i) be the second derivative of i**3/6 - 3*i**2/2 + 31*i + 3. Determine f(4).
1
Let a(w) = 12*w**3 - w**2 + 1. Let q(c) = -2 - c**2 + 11 - 2*c - 4*c. Let v be q(-7). Suppose s - 3 = -v. Determine a(s).
12
Let m = 3 + 0. Suppose -4*z + v = 3*v - 150, -111 = -m*z - v. Suppose 4*n - f = z, 2*n + n - 12 = -3*f. Let j(q) = q**2 - 8*q - 6. What is j(n)?
-6
Let s(l) be the third derivative of -l**6/120 - l**5/12 - l**4/6 - l**3/3 - 18*l**2 + l. Give s(-4).
-2
Suppose -5*j = t - 10, 0 = 3*t - 3*j + 5*j - 17. Suppose 3*c - t*x - 23 = 0, 4*c + 0*x + 12 = -4*x. Let a(d) = 52*d - 29*d - c - 22*d. What is a(4)?
3
Suppose 8*v + 64 = 72. Let k(m) = 8*m - 1. Give k(v).
7
Let h(f) be the third derivative of 0*f - 7/60*f**5 + 0*f**3 - 11*f**2 + 0 - 1/3*f**4 - 1/120*f**6. Determine h(-6).
12
Suppose 29*t + 60 = 2. Let g(a) = -a - 6. Calculate g(t).
-4
Let k(z) = 3*z**2 + 2*z - 1. Let q(c) = -9*c + 52. Let l be q(6). Calculate k(l).
7
Let w(c) = -c**2 - c + 2. Suppose 1420 = 10*i + 1340. Suppose -q = 4, 0*q + q = -3*u + 29. Let d = u - i. Determine w(d).
-10
Let o(t) = -t**2 + 5*t - 4. Let h = 41 + -15. Let m(j) = 4*j**2 - 21*j + 17. Let l(c) = h*o(c) + 6*m(c). Let p be l(2). Let i(f) = -2*f + 1. What is i(p)?
5
Let b = 8 - 5. Suppose -3*k - 8 = -8*k + b*g, 0 = -5*k + 2*g + 7. Let m(s) = s**2 - 1. Let r(w) = -6*w**2 - w + 3. Let p(y) = -3*m(y) - r(y). Calculate p(k).
4
Let a = -35 + 37. Let r(p) = p - 4*p**a - 4*p**3 + 0*p + 3*p**3. Determine r(-4).
-4
Let x(k) = 5*k - 1. Let u(i) = -14*i + 3. Let l be u(-3). Let r(d) = -d + l + 2*d - 37. Let v be r(-6). Calculate x(v).
9
Let i(p) = -p**3 + 4*p - 34 + 3*p + 6*p + 47 - 11*p**2. Determine i(-12).
1
Let k = -14 - -17. Let j(f) be the first derivative of -f**5/60 - f**4/12 + f**3/3 + 7*f**2/2 + 2. Let i(o) be the second derivative of j(o). Determine i(k).
-13
Let c(y) = y**2 - y - 8. Let v(w) = -7*w**2 - 3*w + 13. Let p(u) = 3*u**2 + u - 7. Let f(b) = -5*p(b) - 2*v(b). Let r(x) = 3*c(x) + 2*f(x). Calculate r(0).
-6
Let b(d) = -5*d**3 - d**2 - d + 1. Let m(q) = 13*q + 144. Let l be m(-11). What is b(l)?
-6
Let s(j) = j**3 - 2*j**2 + j + 3. Let m = 1382 - 1380. Determine s(m).
5
Let c(p) = -p**3 - p**2 - 28. Let y be c(0). Let l be y/10*(-10)/4. Let 